the remainder when 69829 is divided by 13964.
9
Calculate the remainder when 83107 is divided by 27691.
34
What is the remainder when 84694 is divided by 50?
44
What is the remainder when 19129 is divided by 737?
704
Calculate the remainder when 12389 is divided by 818.
119
Calculate the remainder when 37856 is divided by 695.
326
Calculate the remainder when 2852 is divided by 912.
116
What is the remainder when 11148 is divided by 3441?
825
Calculate the remainder when 56763 is divided by 118.
5
Calculate the remainder when 48462 is divided by 7.
1
Calculate the remainder when 14489 is divided by 1502.
971
Calculate the remainder when 103832 is divided by 19.
16
What is the remainder when 4498 is divided by 67?
9
Calculate the remainder when 31229 is divided by 424.
277
What is the remainder when 45779 is divided by 7625?
29
What is the remainder when 1778 is divided by 25?
3
What is the remainder when 1519 is divided by 61?
55
What is the remainder when 6427 is divided by 3203?
21
What is the remainder when 42833 is divided by 20?
13
Calculate the remainder when 14859 is divided by 177.
168
What is the remainder when 1704 is divided by 134?
96
What is the remainder when 114207 is divided by 17?
1
What is the remainder when 964 is divided by 958?
6
Calculate the remainder when 274161 is divided by 816.
801
Calculate the remainder when 62739 is divided by 3920.
19
What is the remainder when 115533 is divided by 29?
26
What is the remainder when 27754 is divided by 867?
10
What is the remainder when 29555 is divided by 953?
12
What is the remainder when 2633 is divided by 76?
49
What is the remainder when 1470483 is divided by 179?
177
What is the remainder when 2601 is divided by 494?
131
What is the remainder when 951738 is divided by 179?
174
Calculate the remainder when 39142 is divided by 56.
54
Calculate the remainder when 144 is divided by 48.
0
What is the remainder when 133 is divided by 35?
28
What is the remainder when 49542 is divided by 1379?
1277
What is the remainder when 298770 is divided by 7862?
14
Calculate the remainder when 21399 is divided by 1187.
33
Calculate the remainder when 12387 is divided by 6173.
41
What is the remainder when 12787 is divided by 557?
533
What is the remainder when 5089 is divided by 121?
7
What is the remainder when 3862 is divided by 1239?
145
Calculate the remainder when 28668 is divided by 510.
108
What is the remainder when 1702 is divided by 1693?
9
What is the remainder when 14342 is divided by 1251?
581
What is the remainder when 19052 is divided by 59?
54
Calculate the remainder when 12338 is divided by 3084.
2
What is the remainder when 12796 is divided by 175?
21
What is the remainder when 41286 is divided by 359?
1
What is the remainder when 1482484 is divided by 633?
631
What is the remainder when 14316 is divided by 7115?
86
What is the remainder when 110129 is divided by 841?
799
Calculate the remainder when 189724 is divided by 6542.
6
Calculate the remainder when 117152 is divided by 16729.
49
What is the remainder when 36382 is divided by 7275?
7
Calculate the remainder when 15534 is divided by 165.
24
What is the remainder when 1799 is divided by 69?
5
What is the remainder when 2658 is divided by 872?
42
Calculate the remainder when 2634 is divided by 323.
50
What is the remainder when 495584 is divided by 885?
869
What is the remainder when 3967 is divided by 1978?
11
What is the remainder when 59833 is divided by 80?
73
Calculate the remainder when 139782 is divided by 195.
162
What is the remainder when 1583317 is divided by 766?
761
Calculate the remainder when 6242 is divided by 2391.
1460
Calculate the remainder when 219826 is divided by 385.
376
Calculate the remainder when 6917 is divided by 282.
149
Calculate the remainder when 27905 is divided by 267.
137
Calculate the remainder when 62683 is divided by 63.
61
Calculate the remainder when 30516 is divided by 577.
512
Calculate the remainder when 43562 is divided by 1178.
1154
What is the remainder when 2345 is divided by 294?
287
Calculate the remainder when 33958 is divided by 3770.
28
Calculate the remainder when 40294 is divided by 20141.
12
Calculate the remainder when 25271 is divided by 10.
1
What is the remainder when 5597 is divided by 105?
32
Calculate the remainder when 4701 is divided by 4692.
9
What is the remainder when 61657 is divided by 43?
38
Calculate the remainder when 463642 is divided by 2117.
19
What is the remainder when 38507 is divided by 166?
161
Calculate the remainder when 226501 is divided by 109.
108
What is the remainder when 687287 is divided by 42?
41
Calculate the remainder when 566 is divided by 49.
27
What is the remainder when 62790 is divided by 20913?
51
What is the remainder when 160302 is divided by 115?
107
What is the remainder when 1158 is divided by 317?
207
Calculate the remainder when 22276 is divided by 239.
49
Calculate the remainder when 101129 is divided by 33686.
71
What is the remainder when 5388 is divided by 1339?
32
Calculate the remainder when 31114 is divided by 251.
241
Calculate the remainder when 1708 is divided by 90.
88
What is the remainder when 22525 is divided by 980?
965
What is the remainder when 8947 is divided by 358?
355
What is the remainder when 840 is divided by 129?
66
Calculate the remainder when 1093 is divided by 12.
1
Calculate the remainder when 1374994 is divided by 10.
4
What is the remainder when 630663 is divided by 62?
61
What is the remainder when 27521 is divided by 18?
17
Calculate the remainder when 124856 is divided by 60.
56
Calculate the remainder when 1225 is divided by 23.
6
Calculate the remainder when 83 is divided by 31.
21
Calculate the remainder when 4231 is divided by 4223.
8
Calculate the remainder when 32175 is divided by 174.
159
What is the remainder when 73854 is divided by 830?
814
Calculate the remainder when 239090 is divided by 3105.
5
Calculate the remainder when 23740 is divided by 5931.
16
What is the remainder when 42306 is divided by 2640?
66
What is the remainder when 10494 is divided by 2440?
734
Calculate the remainder when 3804 is divided by 1204.
192
Calculate the remainder when 13611 is divided by 3051.
1407
Calculate the remainder when 10573 is divided by 3496.
85
What is the remainder when 2223 is divided by 759?
705
Calculate the remainder when 6722 is divided by 669.
32
What is the remainder when 49426 is divided by 24711?
4
What is the remainder when 104269 is divided by 34753?
10
What is the remainder when 485908 is divided by 13?
7
Calculate the remainder when 5500 is divided by 273.
40
Calculate the remainder when 23934 is divided by 128.
126
Calculate the remainder when 409056 is divided by 383.
12
What is the remainder when 7656 is divided by 684?
132
What is the remainder when 12283 is divided by 3061?
39
Calculate the remainder when 740360 is divided by 83.
0
What is the remainder when 272836 is divided by 718?
714
What is the remainder when 2118541 is divided by 333?
328
What is the remainder when 2810 is divided by 282?
272
What is the remainder when 19356 is divided by 776?
732
What is the remainder when 16908 is divided by 61?
11
What is the remainder when 51093 is divided by 137?
129
What is the remainder when 5544 is divided by 178?
26
What is the remainder when 1287 is divided by 262?
239
What is the remainder when 25365 is divided by 25351?
14
What is the remainder when 9944 is divided by 1955?
169
What is the remainder when 6489 is divided by 591?
579
What is the remainder when 13037 is divided by 80?
77
Calculate the remainder when 12553 is divided by 1436.
1065
What is the remainder when 1144200 is divided by 51?
15
Calculate the remainder when 52355 is divided by 31.
27
What is the remainder when 6545 is divided by 400?
145
Calculate the remainder when 12457 is divided by 832.
809
What is the remainder when 25548 is divided by 1419?
6
Calculate the remainder when 15768 is divided by 4864.
1176
What is the remainder when 7589955 is divided by 374?
373
Calculate the remainder when 10182 is divided by 107.
17
Calculate the remainder when 1587 is divided by 55.
47
What is the remainder when 16755 is divided by 342?
339
Calculate the remainder when 7025 is divided by 3508.
9
C